hat is p(1)?
73
Let s(u) = -6*u - 15. Give s(-10).
45
Let l(s) = s**2 - 5*s - 7. Determine l(6).
-1
Let q(h) = -h**2 - 24*h - 99. What is q(-19)?
-4
Let s(m) = -2*m**2 + 19*m - 21. Calculate s(7).
14
Let j(m) = 16*m + 42. Determine j(-3).
-6
Let o(p) = 35*p + 45. Determine o(-3).
-60
Let y(b) = b**3 + 5*b**2 - 7*b - 1. Determine y(-6).
5
Let l(f) = -11*f - 32. What is l(-4)?
12
Let h(p) = -14*p + 53. Calculate h(5).
-17
Let l(c) = c**2 - 14*c - 12. Calculate l(18).
60
Let g(w) = 10*w - 8. Give g(9).
82
Let n(d) = -2*d**2 + 5*d - 14. Determine n(4).
-26
Let c(d) = -15*d - 104. Give c(-8).
16
Let t(a) = 4*a**2 - a - 1. What is t(-1)?
4
Let b(q) = -3*q**2 - 7*q + 19. What is b(-3)?
13
Let v(i) = i**2 + 6*i + 1. What is v(-6)?
1
Let q(i) = i**3 + 20*i**2 - 48*i - 82. Give q(-22).
6
Let m(u) = 2*u**2 + 32*u + 25. Give m(-15).
-5
Let w(v) = -3*v**2 - 27*v - 6. Determine w(-10).
-36
Let k(s) = -2*s - 23. Determine k(-11).
-1
Let c(m) = -2*m**2 + 4*m + 7. Give c(5).
-23
Let k(g) = 35*g + 72. Calculate k(-2).
2
Let j(k) = -10*k**2 - k + 1. Give j(2).
-41
Let z(v) = v**3 + 8*v**2 + 25*v + 28. What is z(-3)?
-2
Let z(m) = m**2 - 9*m + 6. Calculate z(6).
-12
Let p(m) = m**3 + 5*m**2 - 4*m - 7. Calculate p(-5).
13
Let w(r) = -r**3 + 9*r - 3. What is w(0)?
-3
Let v(f) = 2*f**2 + 14*f - 3. What is v(-7)?
-3
Let p(l) = 2*l**2 - 24*l - 12. Determine p(13).
14
Let d(j) = 8*j**2 + 384*j + 21. What is d(-48)?
21
Let u(t) = -t**3 + 6*t**2 + 5*t + 9. What is u(7)?
-5
Let w(y) = 28*y + 1512. What is w(-54)?
0
Let b(y) = -2*y**2 + 5*y + 28. Give b(-3).
-5
Let g(f) = -f**2 + f + 8. Give g(0).
8
Let l(n) = -2*n**2 + 2*n + 25. Determine l(-3).
1
Let w(s) = -2*s - 1. What is w(-13)?
25
Let a(h) = 10*h + 1. Give a(-3).
-29
Let l(d) = -d**2 - 54*d + 116. Calculate l(-56).
4
Let g(p) = -2*p + 3. Determine g(-6).
15
Let u(d) = -d**2 + 7*d + 2. What is u(5)?
12
Let z(l) = -l + 18. Determine z(16).
2
Let y(o) = o**3 - 6*o**2 - 6*o - 32. What is y(7)?
-25
Let x(j) = -2*j**3 + 5*j**2 - 9*j + 9. What is x(2)?
-5
Let l(v) = 2*v**2 - 31*v - 14. Give l(16).
2
Let b(s) = -2*s**2 - 39*s - 23. Give b(-19).
-4
Let w(f) = -f**2 - 7*f - 9. Calculate w(-5).
1
Let y(z) = z**2 + 7*z - 3. Calculate y(-7).
-3
Let s(r) = -r**3 + 22*r**2 + 22*r - 43. What is s(23)?
-66
Let c(p) = -p**2 - 13*p - 20. Calculate c(-12).
-8
Let c(d) = 17*d - 10. Calculate c(1).
7
Let p(c) = -2*c**3 + 15*c**2 - 11*c + 21. Calculate p(7).
-7
Let a(z) = 3*z**3 - 6*z**2 + z + 3. Determine a(-3).
-135
Let c(z) = -7*z**2 - 136*z - 48. Determine c(-19).
9
Let z(l) = 8*l - 5. Give z(2).
11
Let b(y) = -3*y**3 - y + 1. What is b(-2)?
27
Let c(x) = -8*x - 7. Give c(-7).
49
Let w(n) = -15*n + 68. Determine w(4).
8
Let j(g) = 3*g - 8. Give j(-6).
-26
Let n(x) = x**3 - 4*x**2 + 2*x + 4. Determine n(3).
1
Let w(l) = -l**2 - 11*l - 18. Determine w(-8).
6
Let q(w) = -10*w + 59. Determine q(8).
-21
Let x(b) = b**3 - 23*b**2 + 20*b + 14. Give x(22).
-30
Let s(n) = -14*n - 240. Give s(-15).
-30
Let d(j) = -j**2 + 2*j + 13. Determine d(4).
5
Let j(c) = c + 11. What is j(-8)?
3
Let t(l) = l**3 + 24*l**2 - 24*l + 32. Calculate t(-25).
7
Let j(n) = -104*n - 117. Calculate j(-1).
-13
Let h(m) = m**3 + 9*m**2 + 10*m + 11. Give h(-8).
-5
Let l(f) = -2*f**3 + 46*f**2 - 44*f + 8. Determine l(22).
8
Let i(p) = -p**2 - 13*p - 27. Give i(-14).
-41
Let x(v) = 6*v + 28. Calculate x(-5).
-2
Let f(o) = 2*o**2 - 19*o + 5. Give f(8).
-19
Let q(f) = -f - 5. What is q(-14)?
9
Let i(m) = m**2 - 3*m - 1. Calculate i(5).
9
Let h(o) = o**3 + 6*o**2 + 2*o - 1. Give h(-5).
14
Let l(x) = x**3 + 39*x**2 + 138*x - 74. Give l(-35).
-4
Let o(u) = 18*u - 12. Determine o(1).
6
Let w(b) = -b**2 + 8*b + 10. What is w(10)?
-10
Let x(h) = 2*h**2 - h + 1. Calculate x(1).
2
Let t(j) = 5*j + 27. Give t(-6).
-3
Let u(g) = 11*g + 48. Calculate u(-3).
15
Let k(x) = -2*x**3 + 7*x**2 + 4*x - 3. Calculate k(5).
-58
Let a(v) = -2*v - 1. Give a(-1).
1
Let d(j) = -j**3 - 9*j**2 + 10*j + 1. Give d(-10).
1
Let c(d) = 8*d - 25. What is c(4)?
7
Let v(h) = -h**3 - 7*h**2 + 15*h - 34. What is v(-9)?
-7
Let a(c) = -c**2 - 11*c + 3. Determine a(-10).
13
Let x(w) = w**3 + 2*w**2 - 8*w - 10. What is x(-4)?
-10
Let b(z) = z**2 + 11*z - 4. Calculate b(-11).
-4
Let y(p) = p**3 + 18*p**2 + 17*p - 8. Determine y(-17).
-8
Let f(u) = u**2 + 42*u + 431. Determine f(-19).
-6
Let b(u) = -34*u**3 + u**2. Give b(1).
-33
Let w(p) = -p**3 + 5*p + 3. Give w(4).
-41
Let b(j) = -j**2 - j + 212. Give b(14).
2
Let m(q) = -q - 33. What is m(-15)?
-18
Let r(v) = -68*v**2 + 407*v. Calculate r(6).
-6
Let v(y) = y**2 - 7. Give v(-4).
9
Let y(t) = 34*t**3 + 2*t - 1. Determine y(1).
35
Let k(b) = 11*b**2 + 5*b + 4. What is k(-1)?
10
Let p(w) = -6*w**2 - 43*w - 7. Calculate p(-7).
0
Let u(d) = -d**3 + 7*d**2 - 6*d - 8. Give u(5).
12
Let s(h) = 5*h - 8. Determine s(16).
72
Let c(d) = -d**3 + 5*d**2 + d. Give c(5).
5
Let g(p) = -35*p + 301. Calculate g(9).
-14
Let s(n) = n**3 + 3*n**2 - n - 1. Calculate s(0).
-1
Let u(p) = p**2 - p - 212. Determine u(15).
-2
Let x(r) = -r - 6. Calculate x(-9).
3
Let n(a) = -a**3 + 2*a**2 + a - 1. Determine n(2).
1
Let q(v) = v**3 - 35*v**2 + v - 35. What is q(35)?
0
Let t(x) = x**2 + 11*x + 3. What is t(-8)?
-21
Let m(w) = -242*w - 1459. Determine m(-6).
-7
Let r(l) = -l + 10. What is r(-13)?
23
Let q(y) = y**3 - 4*y**2 - 14*y + 52. Determine q(5).
7
Let x(m) = -3*m**2 + 4*m + 4. Give x(-1).
-3
Let i(w) = 2*w + 3. Calculate i(-7).
-11
Let o(u) = -10*u + 7. Determine o(4).
-33
Let l(g) = -g - 4. Determine l(4).
-8
Let t(k) = 13*k - 139. Give t(10).
-9
Let q(i) = -145*i - 5. Calculate q(-1).
140
Let k(z) = -8*z + 94. Give k(11).
6
Let i(k) = -k**2 + k + 3. Calculate i(-5).
-27
Let z(g) = g**2 - 18*g + 29. Calculate z(16).
-3
Let p(g) = 2*g**3 + 72*g**2 + g + 30. Calculate p(-36).
-6
Let v(l) = -l**2 - 17*l + 20. What is v(-18)?
2
Let w(b) = -13*b - 189. Determine w(-15).
6
Let w(h) = -h + 32. Calculate w(0).
32
Let g(w) = 19*w**2 + w. Give g(1).
20
Let z(w) = w**3 + 9*w**2 - w - 19. Determine z(-9).
-10
Let o(u) = u + 6. Determine o(-2).
4
Let r(v) = -v**3 + 8*v**2 - v + 13. Give r(8).
5
Let n(l) = 2*l - 61. Give n(35).
9
Let y(a) = 4*a**2 + 14*a + 33. Give y(-4).
41
Let r(h) = h**2 + 12*h + 4. Calculate r(-4).
-28
Let r(x) = -x**3 - 6*x**2 - 8*x - 4. Calculate r(-5).
11
Let y(f) = f**3 - 9*f**2 - 6*f - 3. What is y(10)?
37
Let k(c) = 2*c**2 + 16*c + 9. Determine k(-6).
-15
Let w(j) = -j - 6. What is w(-9)?
3
Let p(r) = 56*r + 10. Determine p(-4).
-214
Let o(y) = -y**3 + 2*y - 7. What is o(3)?
-28
Let g(d) = 12*d**3 - 34*d**2 + 3*d + 3. What is g(3)?
30
Let c(g) = -2*g**3 + 17*g**2 - 9*g + 4. Determine c(8).
-4
Let h(q) = -q**2 - 16*q - 48. Determine h(-4).
0
Let p(a) = 3*a**2 + 25*a - 2. What is p(-8)?
-10
Let p(z) = -2*z + 5. Determine p(-10).
25
Let y(j) = -j + 37. Calculate y(12).
25
Let f(j) = -j**2 + 9. Determine f(3).
0
Let q(j) = -j**3 - 10*j**2 + 6*j + 14. Give q(-9).
-121
Let g(b) = 2*b**3 - 4*b**2 - 2*b + 6. Calculate g(4).
62
Let s(j) = -12*j**3 - 5*j**2 + 2*j - 1. Determine s(2).
-113
Let i(j) = -j + 21. What is i(0)?
21
Let f(j) = 9*j + 32. What is f(-4)?
-4
Let f(i) = -7*i**3 + 76*i**2 + 8*i + 5. Give f(11).
-28
Let n(w) = -w + 11. What is n(-12)?
23
Let t(q) = 2*q**2 - 3*q + 1. What is t(2)?
3
Let w(m) = -m**3 - 5*m**2 + 22*m - 7. What is w(-8)?
9
Let p(s) = s**2 + s - 2. Calculate p(-4).
10
Let c(t) = -t**3 - 6*t**2 - 2*t + 11. Give c(-5).
-4
Let k(x) = 3*x + 61. Give k(-20).
1
Let s(n) = -3*n**3 + 4*n**2 + 6*n + 2. Determine s(3).
-25
Let k(i) = i**2 + 16*i + 65. Determine k(-10).
5
Let b(u) = u**3 - 6*u**2 - 6*u + 14. What is b(6)?
-22
Let x(m) = m**3 + 7*m**2 - 10*m - 15. Give x(-8).
1
Let n(j) = j**2 - 20*j + 84. Give n(14).
0
Let q(x) = -x**2 + 12*x - 16. What is q(9)?
11
Let v(l) = 12*l + 1. What is v(-3)?
-35
Let c(a) = a**3 - 7*a**2 + 3*a - 9. What is c(5)?
-44
Let n(m) = -m**3 - 10*m**2 - 11*m - 5. Calculate n(-9).
13
Let b(a) = a**3 - 11*a**2 + 31*a - 8. What is b(6)?
-2
Let f(c) = -c**3 - c**2 - c - 5. What is f(-2)?
1
Let r(s) = s**3 - 16*s**2 + 30*s - 8. Calculate r(14).
20
Let j(u) = -u**2 + 32*u - 18. What is j(33)?
-51
Let r(p) = -4*p - 4. Calculate r(4).
-20
Let r(u) = 33*u**3 + 2*u**2 + 2*u + 1. Give r(-1).
-32
Let l(n) = -12*n - 9. Determine l(-6).
63